?
5224
Convert 1083 (base 14) to base 13.
13bc
What is -a2b (base 13) in base 5?
-23402
-4954 (base 10) to base 13
-2341
602 (base 11) to base 9
888
What is -11140 (base 5) in base 9?
-1073
-4630 (base 11) to base 15
-1c08
24333 (base 7) to base 9
8630
What is -5643 (base 10) in base 16?
-160b
Convert 1005 (base 12) to base 5.
23413
What is 3147 (base 9) in base 4?
210013
What is 175 (base 12) in base 14?
129
-728 (base 10) to base 16
-2d8
-31ab (base 13) to base 6
-51541
Convert -212 (base 5) to base 4.
-321
What is 12456 (base 13) in base 12?
17606
What is 44 (base 6) in base 11?
26
21a0 (base 12) to base 15
1180
What is -10504 (base 6) in base 13?
-89b
Convert 2021113 (base 4) to base 6.
104411
-133103 (base 4) to base 9
-2665
1bb64 (base 13) to base 9
82883
What is 111001101 (base 2) in base 12?
325
11111010111101 (base 2) to base 8
37275
5358 (base 12) to base 4
2032310
Convert -15b2 (base 12) to base 2.
-101000010110
Convert -1fa (base 16) to base 10.
-506
What is -42031 (base 8) in base 7?
-101553
Convert -1006 (base 9) to base 10.
-735
-54603 (base 7) to base 12
-7ab6
Convert -948 (base 11) to base 7.
-3220
What is -22350 (base 9) in base 14?
-55c0
Convert -332 (base 8) to base 6.
-1002
Convert 5597 (base 16) to base 4.
11112113
Convert -101101000100 (base 2) to base 8.
-5504
Convert 12223031 (base 4) to base 10.
27341
Convert -7610 (base 8) to base 6.
-30224
What is 1546 (base 7) in base 14?
326
What is -15077 (base 11) in base 2?
-101001110000100
Convert -41588 (base 11) to base 6.
-1144312
Convert -7607 (base 8) to base 6.
-30223
Convert -202321 (base 4) to base 5.
-32413
What is -a8de (base 15) in base 3?
-1211001102
What is -1c9 (base 16) in base 4?
-13021
-102233 (base 4) to base 5
-14244
Convert -5137 (base 12) to base 7.
-34510
-45520 (base 7) to base 11
-8776
What is -1887 (base 11) in base 10?
-2394
What is bbe1 (base 15) in base 10?
39811
80 (base 10) to base 7
143
Convert -17414 (base 8) to base 7.
-32113
-299 (base 14) to base 7
-1352
-14c1 (base 13) to base 7
-11556
What is -10101010000101 (base 2) in base 5?
-322020
-1970 (base 10) to base 2
-11110110010
414 (base 10) to base 13
25b
-2918 (base 10) to base 12
-1832
-110011010011 (base 2) to base 9
-4447
What is -611 (base 8) in base 2?
-110001001
-828 (base 11) to base 15
-468
Convert -7587 (base 14) to base 6.
-234003
Convert 30305 (base 6) to base 4.
332201
2401 (base 9) to base 4
123313
What is -4388 (base 12) in base 15?
-2318
What is c51 (base 14) in base 13?
1145
-16236 (base 7) to base 11
-3498
Convert -11101100 (base 2) to base 3.
-22202
-243205 (base 6) to base 15
-655b
Convert 110010010010100 (base 2) to base 7.
135032
What is 34 (base 11) in base 6?
101
What is -4405 (base 6) in base 13?
-5cc
What is -671 (base 8) in base 15?
-1e6
What is -13a7b (base 13) in base 12?
-19468
403012 (base 5) to base 15
3c3c
What is -32033 (base 4) in base 6?
-4115
Convert 10231 (base 4) to base 11.
254
-1101121010 (base 3) to base 8
-65420
10220 (base 3) to base 5
410
Convert 37dd (base 15) to base 3.
121100001
What is -1416 (base 11) in base 2?
-11100101000
What is 200534 (base 8) in base 6?
1225004
Convert -331324 (base 5) to base 11.
-8682
-3208 (base 12) to base 2
-1010101101000
-122248 (base 9) to base 14
-1cc9d
13034 (base 5) to base 15
47e
What is -117 (base 12) in base 13?
-c7
What is 9024 (base 16) in base 3?
1212121200
Convert -142332 (base 8) to base 14.
-14518
What is 30554 (base 7) in base 10?
7487
6a24 (base 11) to base 12
5406
What is 23411 (base 5) in base 14?
8b9
Convert -10001010 (base 2) to base 9.
-163
Convert 2837 (base 10) to base 13.
13a3
Convert 101324 (base 6) to base 11.
6109
Convert 2133 (base 5) to base 4.
10211
-5501 (base 13) to base 9
-17205
-1300321 (base 4) to base 5
-212400
Convert 257 (base 14) to base 9.
571
-2134 (base 11) to base 5
-42240
289a (base 12) to base 8
11166
Convert -300221 (base 4) to base 13.
-1556
27274 (base 9) to base 4
10200112
What is -416 (base 11) in base 16?
-1f5
What is 1010111010010 (base 2) in base 11?
4219
Convert -46201 (base 7) to base 8.
-26761
What is -ddc7 (base 14) in base 9?
-57601
Convert 1022 (base 6) to base 16.
e6
-1030004 (base 5) to base 10
-17504
What is 245 (base 8) in base 4?
2211
10125 (base 9) to base 2
1101000001001
2c97 (base 15) to base 16
2578
What is 140343 (base 5) in base 8?
13133
-833 (base 9) to base 15
-303
-4165 (base 7) to base 3
-2000101
Convert -484 (base 12) to base 2.
-1010100100
3126 (base 9) to base 4
203310
11e5 (base 16) to base 12
2799
What is -540 (base 10) in base 8?
-1034
-2c7 (base 16) to base 15
-326
What is -15033 (base 6) in base 5?
-34042
Convert -d9 (base 14) to base 9.
-232
What is -1000111111101 (base 2) in base 11?
-3507
Convert -232013 (base 6) to base 8.
-46651
What is a56 (base 13) in base 12?
1029
Convert 10114 (base 6) to base 2.
10100111110
-1d78 (base 15) to base 5
-201123
-46e (base 16) to base 2
-10001101110
18076 (base 9) to base 8
30256
-439a (base 15) to base 5
-424240
Convert 55450 (base 7) to base 15.
4201
Convert 34040 (base 5) to base 12.
1477
Convert -cf32 (base 16) to base 8.
-147462
What is -266551 (base 7) in base 10?
-50359
Convert 121 (base 4) to base 14.
1b
Convert -76 (base 13) to base 10.
-97
What is -234 (base 15) in base 14?
-279
Convert 4aa4 (base 11) to base 8.
14770
Convert -19106 (base 13) to base 10.
-48509
10001101010110101 (base 2) to base 5
4303443
What is 100 (base 8) in base 3?
2101
-112202 (base 3) to base 15
-1b8
4285 (base 16) to base 6
210501
Convert -1300 (base 10) to base 9.
-1704
Convert -4b7 (base 14) to base 7.
-2520
What is -3472 (base 12) in base 8?
-13326
38d6 (base 14) to base 3
111200221
What is 2c3c (base 14) in base 2?
1111011010110
Convert -40445 (base 6) to base 2.
-1010011101101
-1564 (base 13) to base 2
-110000110100
What is -103 (base 14) in base 11?
-171
101010001110001 (base 2) to base 13
9abb
What is -236250 (base 7) in base 14?
-11960
What is -240 (base 10) in base 8?
-360
What is 234113 (base 5) in base 7?
34146
What is 5c5 (base 14) in base 15?
51d
-9476 (base 16) to base 9
-57118
Convert -8001 (base 13) to base 12.
-a209
-878 (base 15) to base 5
-30123
Convert 41051 (base 7) to base 5.
304413
Convert -15044 (base 12) to base 9.
-44327
-402 (base 7) to base 4
-3012
Convert -4294 (base 10) to base 3.
-12220001
-101110001111 (base 2) to base 9
-4047
What is 1334 (base 5) in base 15?
e9
What is 2313112 (base 4) in base 13?
5458
Convert -11101000 (base 2) to base 3.
-22121
Convert 133333 (base 4) to base 5.
31142
Convert 3043310 (base 5) to base 12.
24a06
Convert -3401 (base 6) to base 5.
-11133
Convert 4389 (base 14) to base 15.
36e0
What is -13310203 (base 4) in base 15?
-975a
Convert a1 (base 13) to base 14.
95
Convert -34606 (base 7) to base 9.
-13151
4224 (base 5) to base 16
234
What is -250412 (base 6) in base 14?
-8128
Convert -5bc (base 15) to base 4.
-110112
-4971 (base 12) to base 9
-12334
Convert -4203 (base 8) to base 10.
-2179
698 (base 13) to base 7
3215
What is -390 (base 14) in base 16?
-2ca
What is -23638 (base 10) in base 11?
-1683a
44217 (base 9) to base 3
1111020121
-10131 (base 4) to base 8
-435
Convert -631 (base 14) to base 7.
-3361
Convert -59a68 (base 11) to base 13.
-30485
-10233 (base 4) to base 12
-213
What is -18a57 (base 11) in base 5?
-1322221
What is -1101011101101000 (base 2) in base 11?
-38481
Convert 25118 (base 10) to base 2.
110001000011110
Convert -4b4 (base 15) to base 10.
-1069
Convert 17fc (base 16) to base 14.
2348
What is -1d09 (base 14) in base 5?
-132201
What is -127450 (base 8) in base 10?
-44840
-15405 (base 8) to base 10
-6917
Convert -7558 (base 16) to base 3.
-1112012121
1ca9 (base 15) to base 7
24114
-1b6 (base 13) to base 7
-633
-1012022101 (base 3) to base 6
-301014
24ac (base 14) to base 7
24505
What is 1367 (base 10) in base 7?
3662
Convert -11512 (base 9) to base 6.
-55402
-3bb0 (base 15) to base 9
-18453
-513 (base 7) to base 8
-377
What is 70 (base 13) in base 6?
231
Convert 1466 (base 14) to base 6.
24430
Convert -6216 (base 10) to base 2.
-1100001001000
Convert 237 (base 11) to base 8.
432
What is -37 (base 16) in base 13?
-43
What is 3030211 (base 4) in base 5?
404333
What is 3a6 (base 11) in base 6?
2115
-3 (base 16) to base 15
-3
What is -51